{"id":2,"date":"2015-08-25T02:28:56","date_gmt":"2015-08-25T02:28:56","guid":{"rendered":"http:\/\/billets-avion-pas-cher.com\/?page_id=2"},"modified":"2015-08-25T02:51:28","modified_gmt":"2015-08-25T02:51:28","slug":"sample-page","status":"publish","type":"page","link":"https:\/\/www.billets-avion-pas-cher.com\/?page_id=2","title":{"rendered":"A Propos De Nous"},"content":{"rendered":"<p>Bonjour tout le monde!<\/p>\n<p>Moi c\u2019est Camille et j\u2019adore voyager et aller \u00e0 la d\u00e9couverte de nouveaux horizons. J\u2019ai eu l\u2019occasion de d\u00e9couvrir divers endroits au courant de ces derni\u00e8res ann\u00e9es (et ne compte pas m\u2019arr\u00eater en si bon chemin), mais \u00e0 un certain point, les souvenirs ont tendance \u00e0 s\u2019envoler et je ne voulais pas en perdre une miette!<\/p>\n<p><a href=\"http:\/\/www.billets-avion-pas-cher.com\/wp-content\/uploads\/2015\/08\/CAMILLE_UTTERBACK_02.jpg\"><img loading=\"lazy\" decoding=\"async\" class=\"size-medium wp-image-5\" src=\"http:\/\/www.billets-avion-pas-cher.com\/wp-content\/uploads\/2015\/08\/CAMILLE_UTTERBACK_02-300x262.jpg\" alt=\"CAMILLE UTTERBACK San Francisco, Ca.  9\/16\/09 Photo - Steve Jennings\/WireImage\" width=\"300\" height=\"262\" srcset=\"https:\/\/www.billets-avion-pas-cher.com\/wp-content\/uploads\/2015\/08\/CAMILLE_UTTERBACK_02-300x262.jpg 300w, https:\/\/www.billets-avion-pas-cher.com\/wp-content\/uploads\/2015\/08\/CAMILLE_UTTERBACK_02-730x637.jpg 730w, https:\/\/www.billets-avion-pas-cher.com\/wp-content\/uploads\/2015\/08\/CAMILLE_UTTERBACK_02.jpg 800w\" sizes=\"auto, (max-width: 300px) 100vw, 300px\" \/><\/a><\/p>\n<p>Je suis fan de <a href=\"https:\/\/fr.wikipedia.org\/wiki\/Photographie\">photographie <\/a>et au fil de mes voyages, j\u2019essaie toujours d\u2019avoir le clich\u00e9 parfait pour immortaliser un lieu ou un moment, mais dans une certaine mesure, les photos ne suffisent pas pour convier tout ce qui doit \u00eatre dit d\u2019un endroit ou d\u2019une situation que j\u2019ai v\u00e9cue \u00e0 un endroit pr\u00e9cis.<\/p>\n<p>Mes amis m\u2019ont toujours encourag\u00e9 \u00e0 poster des articles \u00e0 propos de mes voyages ainsi que toute l\u2019organisation derri\u00e8re cela, mais au d\u00e9part, je n\u2019\u00e9tais pas \u00e0 l\u2019aise avec l\u2019id\u00e9e de vulgariser ainsi des fragments de ma vie sur le net. Par contre, il y a quelque temps, j\u2019ai retrouv\u00e9 une vieille connaissance qui, admirative, m\u2019a convaincu de le faire simplement en me disant \u00ab\u00a0Si seulement j\u2019avais su que r\u00e9aliser un de mes r\u00eaves \u00e9tait aussi \u00e0 porter de main..\u00a0\u00bb \u00c9tant assez \u00e9motive, je n\u2019ai pas eu besoin de beaucoup plus pour me dire que si partager des astuces et des exp\u00e9riences pass\u00e9es pouvait permettre aux gens de r\u00e9aliser leurs r\u00eaves, me lancer dans un blog de ce genre vaudrait largement la peine.<\/p>\n<p>Voil\u00e0 pourquoi aujourd\u2019hui je me lance dans cette nouvelle aventure en esp\u00e9rant vous aider \u00e0 acc\u00e9der aux plus beaux endroits, mais \u00e0 moindre cout.<\/p>\n<p>Je ne suis pas PDG ( si c\u2019\u00e9tait le cas, je ne serais pas l\u00e0, je pense), mais je suis responsable \u00e9v\u00e8nementiel. Voyager et d\u00e9couvrir de nouveaux endroits boost la cr\u00e9ativit\u00e9 et apporte de nouvelles id\u00e9es et tout cela m\u2019a beaucoup aid\u00e9 \u00e0 am\u00e9liorer la qualit\u00e9 des services que je propose, mais avec en option, une approche plus humaine aussi<\/p>\n<p>J\u2019esp\u00e8re vraiment que vous appr\u00e9cierez mes publications autant que moi je prendrai plaisir \u00e0 les \u00e9crire pour vous les partager\u00a0! J\u2019essaierai d\u2019\u00eatre claire dans mon approche, mais si vous souhaitez plus de pr\u00e9cisions sur un point\u00a0: n\u2019h\u00e9sitez pas \u00e0 commenter ou me faire signe en ce sens.<\/p>\n<p><iframe loading=\"lazy\" title=\"Envoy\u00e9 Sp\u00e9cial : partir en vacances pour pas cher\" width=\"500\" height=\"281\" src=\"https:\/\/www.youtube.com\/embed\/QFuFuGHs8GY?feature=oembed\" frameborder=\"0\" allow=\"accelerometer; autoplay; clipboard-write; encrypted-media; gyroscope; picture-in-picture; web-share\" referrerpolicy=\"strict-origin-when-cross-origin\" allowfullscreen><\/iframe><\/p>\n","protected":false},"excerpt":{"rendered":"<p>Bonjour tout le monde! Moi c\u2019est Camille et j\u2019adore voyager et aller \u00e0 la d\u00e9couverte de nouveaux horizons. J\u2019ai eu l\u2019occasion de d\u00e9couvrir divers endroits au courant de ces derni\u00e8res ann\u00e9es (et ne compte pas m\u2019arr\u00eater en si bon chemin), mais \u00e0 un certain point, les souvenirs ont tendance \u00e0 s\u2019envoler et je ne voulais [&hellip;]<\/p>\n","protected":false},"author":1,"featured_media":0,"parent":0,"menu_order":0,"comment_status":"open","ping_status":"open","template":"","meta":{"footnotes":""},"class_list":["post-2","page","type-page","status-publish","hentry"],"_links":{"self":[{"href":"https:\/\/www.billets-avion-pas-cher.com\/index.php?rest_route=\/wp\/v2\/pages\/2","targetHints":{"allow":["GET"]}}],"collection":[{"href":"https:\/\/www.billets-avion-pas-cher.com\/index.php?rest_route=\/wp\/v2\/pages"}],"about":[{"href":"https:\/\/www.billets-avion-pas-cher.com\/index.php?rest_route=\/wp\/v2\/types\/page"}],"author":[{"embeddable":true,"href":"https:\/\/www.billets-avion-pas-cher.com\/index.php?rest_route=\/wp\/v2\/users\/1"}],"replies":[{"embeddable":true,"href":"https:\/\/www.billets-avion-pas-cher.com\/index.php?rest_route=%2Fwp%2Fv2%2Fcomments&post=2"}],"version-history":[{"count":2,"href":"https:\/\/www.billets-avion-pas-cher.com\/index.php?rest_route=\/wp\/v2\/pages\/2\/revisions"}],"predecessor-version":[{"id":6,"href":"https:\/\/www.billets-avion-pas-cher.com\/index.php?rest_route=\/wp\/v2\/pages\/2\/revisions\/6"}],"wp:attachment":[{"href":"https:\/\/www.billets-avion-pas-cher.com\/index.php?rest_route=%2Fwp%2Fv2%2Fmedia&parent=2"}],"curies":[{"name":"wp","href":"https:\/\/api.w.org\/{rel}","templated":true}]}}